(4).
-6
Let x(c) = 256*c**2 + 8165*c - 8166. Calculate x(1).
255
Let m(w) = -w**3 - 123*w**2 + 20*w + 2434. Calculate m(-123).
-26
Let t(c) = 11*c**3 + 70*c**2 - 42*c + 48. What is t(-7)?
-1
Let z(w) = -15*w - 210. Calculate z(-2).
-180
Let s(g) = g**2 + 2260*g + 53625. Determine s(-24).
-39
Let k(q) = -4*q**3 + 95*q**2 + 753*q - 96. Calculate k(30).
-6
Let g(d) = -d**3 - 140*d**2 + 42*d + 5891. Give g(-140).
11
Let w(a) = 2*a**3 + 665*a**2 + 383*a + 17148. What is w(-332)?
216
Let o(f) = 173141*f + 6579344. Give o(-38).
-14
Let a(i) = 2*i**2 - 341*i - 8704. Calculate a(193).
-19
Let g(r) = -2*r**3 + 50*r**2 + 67*r + 183. What is g(26)?
573
Let o(i) = i**3 - 21*i**2 + 90*i + 158. What is o(8)?
46
Let r(k) = 2871*k + 17253. Calculate r(-6).
27
Let u(r) = r**3 + 30*r**2 - 347*r + 15. Determine u(9).
51
Let h(m) = 20357*m - 407242. Calculate h(20).
-102
Let q(m) = -m**2 + 220*m + 2747. Give q(-12).
-37
Let f(k) = -11568*k - 10275. Give f(-1).
1293
Let l(w) = -6*w**3 - 2687*w**2 + 456*w + 3585. What is l(-448)?
1
Let m(y) = 3040*y + 158099. Give m(-52).
19
Let y(d) = -8517*d + 630158. Determine y(74).
-100
Let b(c) = -103537*c + 207046. Calculate b(2).
-28
Let q(y) = -463*y + 13016. Calculate q(26).
978
Let w(r) = 19352*r - 19375. Determine w(1).
-23
Let w(j) = -j**3 - 30*j**2 + 56*j + 795. Determine w(6).
-165
Let w(y) = 2*y**2 - 42*y - 15436. Give w(-75).
-1036
Let x(d) = d**3 - 58*d**2 + 435*d + 16. Give x(11).
-886
Let b(z) = -15671*z + 93987. Give b(6).
-39
Let w(m) = -3*m**3 + 161*m**2 + 55*m + 9082. Determine w(55).
7
Let m(t) = -t**3 - 109*t**2 - 237*t - 1703. Determine m(-107).
758
Let b(c) = 6*c**3 + 13*c**2 - 40*c - 129. Determine b(-3).
-54
Let r(t) = 1478*t**2 - 11825*t - 9. Give r(8).
-17
Let r(y) = y**3 - 211*y**2 + 2782*y - 4625. Determine r(197).
103
Let h(f) = -f**2 - 102*f - 1892. Calculate h(-66).
484
Let q(z) = z**2 - 2309*z + 279420. What is q(128)?
252
Let i(u) = -84*u - 14421. Give i(-172).
27
Let p(h) = -665*h**2 - 1231*h + 2467. Determine p(2).
-2655
Let k(u) = -2*u**2 - 496*u + 10190. What is k(-267)?
44
Let j(o) = -o**2 - 355*o - 28667. Give j(-231).
-23
Let a(w) = 62174*w - 5160439. What is a(83)?
3
Let b(n) = 9485*n + 66205. Calculate b(-7).
-190
Let c(l) = -122*l + 4910. Calculate c(32).
1006
Let v(o) = -o**3 - 16*o**2 - 29549*o - 443014. What is v(-15)?
-4
Let j(c) = -8*c**2 + 620*c - 372. What is j(77)?
-64
Let p(b) = -b**3 + 10*b**2 + 2479*b - 17427. What is p(7)?
73
Let d(n) = n**3 - 103*n**2 - 132*n + 2743. Calculate d(104).
-169
Let b(s) = 2*s**2 + 202*s - 54919. Determine b(122).
-507
Let x(g) = -g**3 - 21*g**2 + 90*g + 130. Determine x(5).
-70
Let i(u) = -7639*u + 91672. What is i(12)?
4
Let m(q) = 29*q**2 + 219*q - 1104. Determine m(-11).
-4
Let t(l) = -2*l**2 - 640448*l + 5764189. What is t(9)?
-5
Let r(i) = -i**2 - 74491*i - 372419. Give r(-5).
11
Let m(x) = 4*x**2 - 162*x - 304. What is m(44)?
312
Let y(q) = 243*q + 34468. What is y(-142)?
-38
Let q(j) = j**2 - 1228*j - 86759. Give q(-67).
6
Let b(j) = -107193*j - 535972. Determine b(-5).
-7
Let g(y) = -2*y**3 - 16*y**2 - 31*y - 8. Give g(-4).
-12
Let l(r) = -7*r**2 + 356*r - 1061. What is l(3)?
-56
Let u(i) = -5212*i - 948634. Calculate u(-182).
-50
Let m(s) = 9192*s + 239135. Calculate m(-26).
143
Let q(k) = -231*k - 35435. Calculate q(-145).
-1940
Let j(u) = 50*u**2 + 1911*u + 11195. Determine j(-31).
4
Let k(t) = 270*t - 3077. Calculate k(11).
-107
Let p(l) = 83102*l + 83099. What is p(-1)?
-3
Let d(u) = -2*u**3 + 16*u**2 + 32*u + 49. Determine d(10).
-31
Let c(m) = 58*m**3 - 67*m**2 - 332*m - 13. Calculate c(3).
-46
Let o(i) = 2*i**2 + 536*i - 57349. What is o(82)?
51
Let q(n) = n**3 + 313*n**2 - 16426*n + 31596. What is q(-359)?
4
Let w(a) = a**3 + 30*a**2 + 91*a + 240. Give w(-27).
-30
Let a(o) = 76*o - 5744. What is a(66)?
-728
Let r(v) = 317*v - 2954. Calculate r(8).
-418
Let a(s) = 7825*s + 23468. Give a(-3).
-7
Let n(a) = 67*a**2 - 85*a + 246. Give n(3).
594
Let d(k) = 4*k**2 + 22*k - 2040. Give d(-32).
1352
Let m(q) = 3*q**2 - 94*q + 437. What is m(27)?
86
Let a(s) = s**2 + 37*s - 1416. Determine a(-60).
-36
Let g(d) = 14*d**2 - 1683*d + 19796. Determine g(107).
1
Let x(c) = -c**2 + 441*c - 48363. Give x(227).
215
Let b(g) = -10*g**2 - 10*g - 28. What is b(-1)?
-28
Let z(v) = 364931*v + 12042724. What is z(-33)?
1
Let c(q) = -351*q + 1290. What is c(5)?
-465
Let r(g) = -5*g**2 + 87151*g + 435890. Give r(-5).
10
Let a(s) = 4532*s - 131777. What is a(29)?
-349
Let i(x) = -1046*x - 18441. What is i(-18)?
387
Let z(l) = 3*l**2 - 179*l + 2167. Give z(15).
157
Let j(u) = 98180*u + 10799791. Calculate j(-110).
-9
Let c(a) = -8*a**3 - 825*a**2 - 38*a + 6768. What is c(-103)?
73
Let n(r) = 3*r**2 + 75*r - 1025. What is n(10)?
25
Let c(i) = -i**3 + 28*i**2 - 1715*i + 53250. What is c(30)?
0
Let h(f) = 517*f - 249719. Calculate h(483).
-8
Let k(g) = -3210*g - 60986. Give k(-19).
4
Let c(p) = 1578*p + 92948. Determine c(-59).
-154
Let f(w) = 6*w**2 + 655*w - 1049. Determine f(-113).
1550
Let i(k) = -k**3 + 46*k**2 + 1085*k - 78. What is i(-17)?
-316
Let w(l) = 1244*l + 668144. Calculate w(-537).
116
Let b(t) = -447*t + 888. Give b(-2).
1782
Let i(v) = 1260*v**2 + 238140*v - 23. Determine i(-189).
-23
Let i(j) = j**2 + 124*j - 8952. Calculate i(52).
200
Let t(x) = 71*x + 2633. Calculate t(-38).
-65
Let c(j) = 292050*j + 2920475. What is c(-10)?
-25
Let l(f) = 6*f**2 - 20*f - 9. What is l(8)?
215
Let j(d) = -420*d - 24852. Calculate j(-57).
-912
Let h(b) = 110468*b + 2319808. Determine h(-21).
-20
Let n(r) = 6*r**2 + 612*r - 22787. Determine n(29).
7
Let t(w) = 4087*w - 874728. What is t(214)?
-110
Let f(h) = -101*h**2 + 11317*h - 552. Determine f(112).
8
Let f(q) = -2*q**2 + 124*q - 819. Determine f(54).
45
Let n(z) = -969067*z - 2907196. Give n(-3).
5
Let z(b) = -3*b**3 + 1206*b**2 + 7337*b + 2423. What is z(408)?
-433
Let t(g) = 9*g**2 + 1498*g - 53047. Give t(30).
-7
Let a(t) = 129*t - 3652. Determine a(28).
-40
Let s(x) = -136*x + 2489. Determine s(17).
177
Let k(n) = 5*n**2 - 2611*n + 319041. Determine k(195).
21
Let j(v) = -v**3 - 462*v**2 - 7972*v + 355. What is j(-18)?
-5
Let a(o) = o**3 - 12*o**2 + 24*o + 859. Calculate a(-6).
67
Let b(i) = -380*i**3 + 14*i**2 + 43*i + 28. What is b(-1)?
379
Let j(f) = -f**3 + 148*f**2 - 31*f + 4719. Calculate j(148).
131
Let x(d) = 2*d**2 + 987*d + 59299. Give x(-70).
9
Let n(x) = x**3 - 1895*x**2 + 18829*x + 204. Give n(10).
-6
Let a(l) = -1910*l + 5302. Give a(6).
-6158
Let g(k) = 1162*k - 4807. Calculate g(4).
-159
Let j(k) = -49*k + 62. What is j(-4)?
258
Let w(c) = -8508*c - 408593. Give w(-48).
-209
Let u(z) = z**3 + 386*z**2 - 350*z + 15767. Calculate u(-387).
1448
Let b(t) = -28*t**2 + 555*t + 663. Determine b(-1).
80
Let m(s) = -44364*s - 354908. Calculate m(-8).
4
Let k(w) = -3*w**2 + 202*w + 1341. What is k(61)?
2500
Let v(y) = 9099*y - 174122. Calculate v(19).
-1241
Let y(k) = -10*k**3 - 50*k**2 - 28*k - 148. Give y(-5).
-8
Let i(q) = 12*q**2 + 985*q + 2954. Give i(-3).
107
Let j(p) = -4046*p - 9495943. Calculate j(-2347).
19
Let c(q) = -6148*q - 92180. What is c(-15)?
40
Let g(d) = 70*d**3 - 113*d**2 - 7*d + 1. Calculate g(1).
-49
Let h(k) = k**3 + 58*k**2 + 204*k + 1878. Give h(-55).
-267
Let d(r) = -r**2 - 2222*r - 35297. Determine d(-16).
-1
Let q(g) = 82730*g + 1902748. Calculate q(-23).
-42
Let y(k) = 3050*k + 262376. Give y(-86).
76
Let k(h) = h**3 + 61*h**2 + 352*h + 148. What is k(-6)?
16
Let z(s) = -s**3 + 60*s**2 - 306*s + 308. What is z(55)?
-1397
Let a(j) = 3*j**3 + 145*j**2 - 62*j + 1927. Calculate a(-49).
163
Let j(s) = 46554*s - 372438. Calculate j(8).
-6
Let m(w) = -1711*w + 56445. Give m(33).
-18
Let x(n) = -86909*n - 608365. Determine x(-7).
-2
Let a(z) = 5*z**3 - 115*z**2 + 466*z + 6. Determine a(5).
86
Let n(i) = -5*i**3 - 44*i**2 + 246*i - 369. Give n(4).
-409
Let m(g) = -10542*g + 295589. Give m(28).
413
Let z(y) = 736*y - 42693. Give z(58).
-5
Let v(h) = 2*h**3 + 544*h**2 - 1107*h - 3083. What is v(-274)?
-69
Let w(z) = 6*z**2 + 102*z - 129. What is w(-19)?
99
Let i(b) = -776*b + 1807. Give i(-3).
4135
Let h(a) = 1659*a + 1320560. Determine h(-796).
-4
Let n(k) = k**3 + 74*k**2 - 60*k - 14716. Give n(-72).
-28
Let m(k) = 64*k + 5067. What is m(-109)?
-1909
Let p(i) = i**3 